mmon factor of 423 and 118346.
47
What is the greatest common divisor of 536 and 1012504?
536
What is the highest common factor of 8096 and 54560?
352
What is the greatest common divisor of 1002 and 1215?
3
Calculate the highest common factor of 5351317 and 307.
307
Calculate the highest common factor of 32 and 200096.
32
Calculate the greatest common divisor of 5632 and 5760.
128
What is the greatest common divisor of 144 and 162360?
72
What is the highest common factor of 4056 and 48?
24
What is the greatest common divisor of 64 and 9716832?
32
Calculate the greatest common divisor of 428767 and 157.
157
What is the highest common factor of 528 and 382404?
132
Calculate the greatest common factor of 18281 and 2424.
101
What is the greatest common divisor of 621 and 229908?
69
What is the highest common factor of 540610 and 140?
70
What is the highest common divisor of 13735 and 5125?
205
Calculate the greatest common divisor of 6085854 and 324.
162
Calculate the highest common divisor of 1872 and 26104.
104
What is the highest common factor of 6437 and 1256?
157
Calculate the greatest common factor of 26048 and 320.
64
What is the greatest common factor of 688292 and 308?
44
What is the highest common divisor of 36863 and 5921?
191
What is the greatest common divisor of 1961 and 74?
37
What is the greatest common divisor of 633584 and 238?
14
What is the greatest common divisor of 18 and 69669?
9
Calculate the highest common divisor of 742921 and 730.
73
Calculate the highest common factor of 5026 and 81134.
718
What is the highest common factor of 2390 and 4250854?
478
Calculate the greatest common factor of 468 and 343746.
234
What is the greatest common divisor of 45342 and 132?
66
What is the highest common divisor of 50776 and 1000?
8
What is the greatest common factor of 1375 and 4675?
275
Calculate the greatest common divisor of 735 and 172480.
245
Calculate the highest common factor of 1286 and 1423602.
1286
Calculate the greatest common factor of 10735 and 4085.
95
What is the highest common divisor of 621888 and 711?
237
What is the highest common divisor of 432 and 1374?
6
What is the greatest common divisor of 10 and 544525?
5
Calculate the greatest common factor of 1384 and 317974.
346
Calculate the greatest common divisor of 300918 and 3.
3
Calculate the greatest common divisor of 90376 and 12482.
158
What is the highest common factor of 884 and 2448?
68
Calculate the greatest common factor of 1867566 and 894.
894
What is the greatest common factor of 1736925 and 75?
75
Calculate the greatest common factor of 160316 and 416.
52
Calculate the greatest common factor of 76857 and 33.
33
Calculate the greatest common divisor of 1836629 and 34.
17
What is the greatest common factor of 96375 and 27000?
375
Calculate the greatest common divisor of 58730 and 441314.
1678
Calculate the highest common factor of 44 and 28314.
22
Calculate the greatest common divisor of 1639963 and 182.
13
Calculate the highest common factor of 18 and 1475217.
9
Calculate the highest common factor of 1328 and 52622.
166
Calculate the highest common factor of 13 and 100451.
13
What is the highest common factor of 323 and 6341?
17
Calculate the highest common divisor of 642 and 768.
6
Calculate the highest common divisor of 628 and 1964.
4
What is the greatest common divisor of 7493 and 19116?
59
What is the greatest common factor of 308 and 180092?
44
What is the greatest common divisor of 1415 and 295?
5
What is the greatest common factor of 99 and 128799?
99
Calculate the highest common factor of 2875770 and 810.
270
Calculate the greatest common divisor of 470 and 10130.
10
Calculate the greatest common factor of 1241 and 1649.
17
What is the highest common divisor of 200 and 7050?
50
Calculate the greatest common factor of 58734 and 10842.
78
What is the greatest common divisor of 455 and 256035?
65
Calculate the greatest common factor of 837 and 7812.
279
Calculate the greatest common factor of 760 and 24440.
40
What is the greatest common factor of 294801 and 975?
39
Calculate the highest common factor of 2523 and 3016667.
841
Calculate the greatest common factor of 339243 and 6.
3
What is the greatest common factor of 144595 and 3025?
605
Calculate the highest common factor of 18487 and 171.
19
What is the greatest common divisor of 32 and 12896?
32
Calculate the highest common factor of 87326 and 3384.
94
Calculate the greatest common factor of 2908 and 2619381.
727
What is the highest common factor of 662 and 9599?
331
What is the highest common divisor of 2005 and 85?
5
Calculate the greatest common factor of 7 and 2771363.
7
Calculate the greatest common divisor of 174750 and 210.
30
What is the greatest common factor of 612414 and 297?
297
Calculate the greatest common divisor of 341136 and 46.
46
What is the greatest common divisor of 315 and 3129?
21
Calculate the greatest common factor of 8585 and 595.
85
Calculate the highest common divisor of 5504993 and 39.
13
Calculate the highest common divisor of 128143 and 5969.
127
Calculate the greatest common divisor of 1053 and 34326.
9
Calculate the greatest common divisor of 36 and 2003796.
36
Calculate the greatest common divisor of 28 and 901831.
7
Calculate the highest common divisor of 4806 and 306.
18
What is the greatest common divisor of 3551010 and 10?
10
Calculate the greatest common factor of 6273 and 22644.
153
Calculate the highest common divisor of 1005976 and 328.
328
Calculate the highest common divisor of 440 and 42526.
22
What is the greatest common factor of 155346 and 1938?
102
Calculate the greatest common divisor of 158087 and 339.
113
Calculate the greatest common divisor of 3020 and 43639.
151
Calculate the greatest common divisor of 497505 and 60481.
1951
What is the highest common factor of 1218 and 105096?
174
What is the highest common factor of 888 and 31191?
111
What is the highest common factor of 365775 and 225?
75
Calculate the highest common factor of 3685199 and 413.
413
Calculate the greatest common factor of 20 and 9665.
5
What is the highest common factor of 801 and 28845?
9
Calculate the greatest common factor of 492797 and 145.
29
Calculate the highest common factor of 780 and 51740.
260
What is the greatest common divisor of 20822 and 232?
58
What is the greatest common factor of 398 and 613517?
199
What is the greatest common divisor of 334 and 4075802?
334
What is the highest common divisor of 29 and 827515?
29
What is the greatest common divisor of 25200 and 465?
15
What is the highest common factor of 55648 and 160928?
1504
Calculate the highest common divisor of 654140 and 25.
5
What is the greatest common factor of 49 and 74228?
7
Calculate the greatest common divisor of 14 and 599018.
14
What is the highest common divisor of 361 and 16891?
19
Calculate the highest common divisor of 43659 and 13671.
441
Calculate the greatest common divisor of 739059 and 3.
3
Calculate the greatest common divisor of 7434361 and 121.
121
What is the highest common divisor of 12669 and 2747?
41
What is the highest common factor of 805 and 188140?
115
Calculate the highest common factor of 477 and 338193.
477
Calculate the greatest common factor of 40 and 8090.
10
Calculate the highest common divisor of 690437 and 46.
23
Calculate the greatest common factor of 156 and 571548.
12
What is the greatest common factor of 36 and 1980144?
36
What is the greatest common factor of 814837 and 163?
163
What is the greatest common divisor of 166 and 127654?
166
Calculate the greatest common factor of 5 and 102545.
5
What is the highest common divisor of 11145 and 21495?
15
What is the greatest common divisor of 436548 and 20?
4
What is the greatest common factor of 72495 and 8505?
405
Calculate the highest common factor of 12132 and 16812.
36
Calculate the greatest common factor of 100028 and 816.
68
Calculate the greatest common factor of 546 and 9230.
26
Calculate the highest common divisor of 2845 and 250.
5
Calculate the greatest common divisor of 14497 and 123557.
133
Calculate the highest common factor of 258986 and 910.
182
What is the highest common factor of 76700 and 20?
20
What is the greatest common divisor of 431709 and 21919?
953
Calculate the highest common divis